{"id":105,"date":"2018-03-02T10:29:18","date_gmt":"2018-03-02T10:29:18","guid":{"rendered":"http:\/\/bridge174.qodeinteractive.com\/?page_id=5"},"modified":"2022-08-20T21:29:16","modified_gmt":"2022-08-21T01:29:16","slug":"home","status":"publish","type":"page","link":"https:\/\/logolisto.com\/","title":{"rendered":"Home"},"content":{"rendered":"<p>[vc_row css_animation=\u00bb\u00bb row_type=\u00bbrow\u00bb use_row_as_full_screen_section=\u00bbno\u00bb type=\u00bbfull_width\u00bb angled_section=\u00bbno\u00bb text_align=\u00bbleft\u00bb background_image_as_pattern=\u00bbwithout_pattern\u00bb][vc_column][rev_slider_vc alias=\u00bbhome\u00bb][\/vc_column][\/vc_row][vc_row css_animation=\u00bb\u00bb row_type=\u00bbrow\u00bb use_row_as_full_screen_section=\u00bbno\u00bb type=\u00bbgrid\u00bb angled_section=\u00bbno\u00bb text_align=\u00bbcenter\u00bb background_image_as_pattern=\u00bbwithout_pattern\u00bb anchor=\u00bbrow-1&#8243; padding_bottom=\u00bb118&#8243; z_index=\u00bb\u00bb][vc_column offset=\u00bbvc_col-md-4&#8243;][qode_elements_holder number_of_columns=\u00bbone_column\u00bb][qode_elements_holder_item vertical_alignment=\u00bbmiddle\u00bb horizontal_alignment=\u00bbcenter\u00bb advanced_animations=\u00bbno\u00bb background_color=\u00bb#ffffff\u00bb item_padding=\u00bb73px 30px 68px 30px\u00bb custom_class=\u00bbeh-with-shadow\u00bb][vc_single_image image=\u00bb37&#8243; img_size=\u00bbfull\u00bb alignment=\u00bbcenter\u00bb qode_css_animation=\u00bb\u00bb][vc_empty_space height=\u00bb17px\u00bb][vc_column_text]<\/p>\n<h2>Escuchamos<\/h2>\n<p>[\/vc_column_text][vc_separator type=\u00bbtransparent\u00bb up=\u00bb-18&#8243;][vc_column_text]Saber exactamente tus necesidades es la parte m\u00e1s importante del proceso, por eso somos buenos escuchando, cu\u00e9ntanos como te imaginas tu nuevo logo. (si quieres contarnos cual es tu serie favorita y lo mucho que odias los lunes tambi\u00e9n te escucharemos)[\/vc_column_text][\/qode_elements_holder_item][\/qode_elements_holder][vc_empty_space height=\u00bb30px\u00bb][\/vc_column][vc_column offset=\u00bbvc_col-md-4&#8243;][qode_elements_holder number_of_columns=\u00bbone_column\u00bb][qode_elements_holder_item vertical_alignment=\u00bbmiddle\u00bb horizontal_alignment=\u00bbcenter\u00bb advanced_animations=\u00bbno\u00bb background_color=\u00bb#ffffff\u00bb item_padding=\u00bb81px 30px 68px 30px\u00bb custom_class=\u00bbeh-with-shadow\u00bb][vc_single_image image=\u00bb38&#8243; img_size=\u00bbfull\u00bb alignment=\u00bbcenter\u00bb qode_css_animation=\u00bb\u00bb][vc_empty_space height=\u00bb17px\u00bb][vc_column_text]<\/p>\n<h2>Dise\u00f1amos<\/h2>\n<p>[\/vc_column_text][vc_separator type=\u00bbtransparent\u00bb up=\u00bb-18&#8243;][vc_column_text]Te garantizamos en muy poco tiempo el logotipo perfecto y memorable que merece tu producto o servicio, as\u00ed que rel\u00e1jate\u00a0y deja el trabajo sucio en nuestras manos. ( si! sucio por que nos apasionamos tanto que hay veces que nos manchamos de tinta hasta la frente)[\/vc_column_text][\/qode_elements_holder_item][\/qode_elements_holder][vc_empty_space height=\u00bb30px\u00bb][\/vc_column][vc_column offset=\u00bbvc_col-md-4&#8243;][qode_elements_holder number_of_columns=\u00bbone_column\u00bb][qode_elements_holder_item vertical_alignment=\u00bbmiddle\u00bb horizontal_alignment=\u00bbcenter\u00bb advanced_animations=\u00bbno\u00bb background_color=\u00bb#ffffff\u00bb item_padding=\u00bb80px 30px 68px 30px\u00bb custom_class=\u00bbeh-with-shadow\u00bb][vc_single_image image=\u00bb42&#8243; img_size=\u00bbfull\u00bb alignment=\u00bbcenter\u00bb qode_css_animation=\u00bb\u00bb][vc_empty_space height=\u00bb17px\u00bb][vc_column_text]<\/p>\n<h2>Entregamos<\/h2>\n<p>[\/vc_column_text][vc_separator type=\u00bbtransparent\u00bb up=\u00bb-18&#8243;][vc_column_text]Esta es la parte m\u00e1s feliz y conmovedora, nos gusta verte sonre\u00edr al recibir el logo que so\u00f1aste, no hay nada que nos emocione tanto como el momento en el que te enviamos tu logo listo! as\u00ed que comparte esa felicidad con el mundo y publ\u00edcalo en instagram para que podamos[\/vc_column_text][\/qode_elements_holder_item][\/qode_elements_holder][vc_empty_space height=\u00bb30px\u00bb][\/vc_column][\/vc_row][vc_row css_animation=\u00bb\u00bb row_type=\u00bbrow\u00bb use_row_as_full_screen_section=\u00bbno\u00bb type=\u00bbfull_width\u00bb angled_section=\u00bbno\u00bb text_align=\u00bbleft\u00bb background_image_as_pattern=\u00bbwithout_pattern\u00bb anchor=\u00bbrow-2&#8243; z_index=\u00bb\u00bb][vc_column offset=\u00bbvc_col-lg-6 vc_col-md-12&#8243;][qode_elements_holder number_of_columns=\u00bbone_column\u00bb][qode_elements_holder_item advanced_animations=\u00bbno\u00bb item_padding=\u00bb0 0 0 0&#8243;][vc_single_image image=\u00bb51&#8243; img_size=\u00bbfull\u00bb qode_css_animation=\u00bb\u00bb][\/qode_elements_holder_item][\/qode_elements_holder][\/vc_column][vc_column offset=\u00bbvc_col-lg-6 vc_col-md-12&#8243;][qode_elements_holder number_of_columns=\u00bbone_column\u00bb][qode_elements_holder_item advanced_animations=\u00bbno\u00bb item_padding=\u00bb93px 34% 0 49px\u00bb item_padding_1280_1440=\u00bb93px 28% 0 49px\u00bb item_padding_1024_1280=\u00bb93px 19% 0 49px\u00bb][vc_column_text]<\/p>\n<h3>About us<\/h3>\n<p>[\/vc_column_text][vc_separator type=\u00bbtransparent\u00bb up=\u00bb-17&#8243;][vc_column_text]<\/p>\n<h1>Pasi\u00f3n por el dise\u00f1o, dedicaci\u00f3n,<br \/>\ny mucho caf\u00e9.<\/h1>\n<p>[\/vc_column_text][vc_empty_space height=\u00bb31px\u00bb][vc_column_text]<\/p>\n<h5>Un equipo de dise\u00f1adores gr\u00e1ficos profesionales unidos para responder r\u00e1pidamente a la necesidad urgente de que tu producto o servicio tenga un rostro adaptado a tu tiempo y presupuesto<\/h5>\n<p>[\/vc_column_text][vc_empty_space height=\u00bb44px\u00bb][vc_single_image image=\u00bb52&#8243; img_size=\u00bbfull\u00bb qode_css_animation=\u00bb\u00bb][\/qode_elements_holder_item][\/qode_elements_holder][\/vc_column][\/vc_row][vc_row css_animation=\u00bb\u00bb row_type=\u00bbrow\u00bb use_row_as_full_screen_section=\u00bbno\u00bb type=\u00bbgrid\u00bb angled_section=\u00bbno\u00bb text_align=\u00bbcenter\u00bb background_image_as_pattern=\u00bbwithout_pattern\u00bb anchor=\u00bbrow-3&#8243; z_index=\u00bb\u00bb][vc_column][qode_elements_holder number_of_columns=\u00bbone_column\u00bb][qode_elements_holder_item advanced_animations=\u00bbno\u00bb item_padding=\u00bb112px 20% 64px 20%\u00bb][vc_column_text]<\/p>\n<h1>Recientes trabajos<\/h1>\n<p>[\/vc_column_text][vc_empty_space height=\u00bb25px\u00bb][vc_column_text]<\/p>\n<h5>Due\u00f1os felices construyen comercios felices y en ellos se venden m\u00e1s productos felices, para clientes tambi\u00e9n felices. Nosotros hacemos logos felices \ud83d\ude01<\/h5>\n<p>[\/vc_column_text][\/qode_elements_holder_item][\/qode_elements_holder][\/vc_column][\/vc_row][vc_row css_animation=\u00bb\u00bb row_type=\u00bbrow\u00bb use_row_as_full_screen_section=\u00bbno\u00bb type=\u00bbfull_width\u00bb angled_section=\u00bbno\u00bb text_align=\u00bbcenter\u00bb background_image_as_pattern=\u00bbwithout_pattern\u00bb anchor=\u00bbrow-4&#8243; z_index=\u00bb\u00bb][vc_column][qode_elements_holder number_of_columns=\u00bbone_column\u00bb][qode_elements_holder_item advanced_animations=\u00bbno\u00bb item_padding=\u00bb0px 3% 161px 3%\u00bb]<div class=\"qode-advanced-image-gallery  qode-aig-grid-type qode-small-space  qode-image-behavior-zoom \">\n\t<div class=\"qode-aig-inner qode-outer-space qode-aig-grid qode-aig-four-columns\">\n\t\t\t\t\t<div class=\"qode-aig-image qode-item-space\">\n\t\t\t\t<div class=\"qode-aig-image-inner\">\n\t\t\t\t\t\t\t\t\t\t\t<img loading=\"lazy\" decoding=\"async\" width=\"800\" height=\"771\" src=\"https:\/\/logolisto.com\/wp-content\/uploads\/2018\/03\/gallery-1.jpg\" class=\"attachment-full size-full\" alt=\"m\" srcset=\"https:\/\/logolisto.com\/wp-content\/uploads\/2018\/03\/gallery-1.jpg 800w, https:\/\/logolisto.com\/wp-content\/uploads\/2018\/03\/gallery-1-300x289.jpg 300w, https:\/\/logolisto.com\/wp-content\/uploads\/2018\/03\/gallery-1-768x740.jpg 768w, https:\/\/logolisto.com\/wp-content\/uploads\/2018\/03\/gallery-1-700x675.jpg 700w\" sizes=\"auto, (max-width: 800px) 100vw, 800px\" \/>\t\t\t\t\t\t<span class=\"aig-gallery-hover\">\n\t\t\t\t\t\t\t\t\t\t\t\t\t<\/span>\n\t\t\t\t\t\t\t\t\t<\/div>\n\t\t\t<\/div>\n\t\t\t\t\t<div class=\"qode-aig-image qode-item-space\">\n\t\t\t\t<div class=\"qode-aig-image-inner\">\n\t\t\t\t\t\t\t\t\t\t\t<img loading=\"lazy\" decoding=\"async\" width=\"800\" height=\"771\" src=\"https:\/\/logolisto.com\/wp-content\/uploads\/2018\/03\/gallery-2.jpg\" class=\"attachment-full size-full\" alt=\"m\" srcset=\"https:\/\/logolisto.com\/wp-content\/uploads\/2018\/03\/gallery-2.jpg 800w, https:\/\/logolisto.com\/wp-content\/uploads\/2018\/03\/gallery-2-300x289.jpg 300w, https:\/\/logolisto.com\/wp-content\/uploads\/2018\/03\/gallery-2-768x740.jpg 768w, https:\/\/logolisto.com\/wp-content\/uploads\/2018\/03\/gallery-2-700x675.jpg 700w\" sizes=\"auto, (max-width: 800px) 100vw, 800px\" \/>\t\t\t\t\t\t<span class=\"aig-gallery-hover\">\n\t\t\t\t\t\t\t\t\t\t\t\t\t<\/span>\n\t\t\t\t\t\t\t\t\t<\/div>\n\t\t\t<\/div>\n\t\t\t\t\t<div class=\"qode-aig-image qode-item-space\">\n\t\t\t\t<div class=\"qode-aig-image-inner\">\n\t\t\t\t\t\t\t\t\t\t\t<img loading=\"lazy\" decoding=\"async\" width=\"800\" height=\"771\" src=\"https:\/\/logolisto.com\/wp-content\/uploads\/2018\/03\/gallery-3.jpg\" class=\"attachment-full size-full\" alt=\"m\" srcset=\"https:\/\/logolisto.com\/wp-content\/uploads\/2018\/03\/gallery-3.jpg 800w, https:\/\/logolisto.com\/wp-content\/uploads\/2018\/03\/gallery-3-300x289.jpg 300w, https:\/\/logolisto.com\/wp-content\/uploads\/2018\/03\/gallery-3-768x740.jpg 768w, https:\/\/logolisto.com\/wp-content\/uploads\/2018\/03\/gallery-3-700x675.jpg 700w\" sizes=\"auto, (max-width: 800px) 100vw, 800px\" \/>\t\t\t\t\t\t<span class=\"aig-gallery-hover\">\n\t\t\t\t\t\t\t\t\t\t\t\t\t<\/span>\n\t\t\t\t\t\t\t\t\t<\/div>\n\t\t\t<\/div>\n\t\t\t\t\t<div class=\"qode-aig-image qode-item-space\">\n\t\t\t\t<div class=\"qode-aig-image-inner\">\n\t\t\t\t\t\t\t\t\t\t\t<img loading=\"lazy\" decoding=\"async\" width=\"800\" height=\"771\" src=\"https:\/\/logolisto.com\/wp-content\/uploads\/2018\/03\/gallery-4.jpg\" class=\"attachment-full size-full\" alt=\"m\" srcset=\"https:\/\/logolisto.com\/wp-content\/uploads\/2018\/03\/gallery-4.jpg 800w, https:\/\/logolisto.com\/wp-content\/uploads\/2018\/03\/gallery-4-300x289.jpg 300w, https:\/\/logolisto.com\/wp-content\/uploads\/2018\/03\/gallery-4-768x740.jpg 768w, https:\/\/logolisto.com\/wp-content\/uploads\/2018\/03\/gallery-4-700x675.jpg 700w\" sizes=\"auto, (max-width: 800px) 100vw, 800px\" \/>\t\t\t\t\t\t<span class=\"aig-gallery-hover\">\n\t\t\t\t\t\t\t\t\t\t\t\t\t<\/span>\n\t\t\t\t\t\t\t\t\t<\/div>\n\t\t\t<\/div>\n\t\t\t\t\t<div class=\"qode-aig-image qode-item-space\">\n\t\t\t\t<div class=\"qode-aig-image-inner\">\n\t\t\t\t\t\t\t\t\t\t\t<img loading=\"lazy\" decoding=\"async\" width=\"800\" height=\"771\" src=\"https:\/\/logolisto.com\/wp-content\/uploads\/2018\/03\/gallery-5.jpg\" class=\"attachment-full size-full\" alt=\"m\" srcset=\"https:\/\/logolisto.com\/wp-content\/uploads\/2018\/03\/gallery-5.jpg 800w, https:\/\/logolisto.com\/wp-content\/uploads\/2018\/03\/gallery-5-300x289.jpg 300w, https:\/\/logolisto.com\/wp-content\/uploads\/2018\/03\/gallery-5-768x740.jpg 768w, https:\/\/logolisto.com\/wp-content\/uploads\/2018\/03\/gallery-5-700x675.jpg 700w\" sizes=\"auto, (max-width: 800px) 100vw, 800px\" \/>\t\t\t\t\t\t<span class=\"aig-gallery-hover\">\n\t\t\t\t\t\t\t\t\t\t\t\t\t<\/span>\n\t\t\t\t\t\t\t\t\t<\/div>\n\t\t\t<\/div>\n\t\t\t\t\t<div class=\"qode-aig-image qode-item-space\">\n\t\t\t\t<div class=\"qode-aig-image-inner\">\n\t\t\t\t\t\t\t\t\t\t\t<img loading=\"lazy\" decoding=\"async\" width=\"800\" height=\"771\" src=\"https:\/\/logolisto.com\/wp-content\/uploads\/2018\/03\/gallery-6.jpg\" class=\"attachment-full size-full\" alt=\"m\" srcset=\"https:\/\/logolisto.com\/wp-content\/uploads\/2018\/03\/gallery-6.jpg 800w, https:\/\/logolisto.com\/wp-content\/uploads\/2018\/03\/gallery-6-300x289.jpg 300w, https:\/\/logolisto.com\/wp-content\/uploads\/2018\/03\/gallery-6-768x740.jpg 768w, https:\/\/logolisto.com\/wp-content\/uploads\/2018\/03\/gallery-6-700x675.jpg 700w\" sizes=\"auto, (max-width: 800px) 100vw, 800px\" \/>\t\t\t\t\t\t<span class=\"aig-gallery-hover\">\n\t\t\t\t\t\t\t\t\t\t\t\t\t<\/span>\n\t\t\t\t\t\t\t\t\t<\/div>\n\t\t\t<\/div>\n\t\t\t\t\t<div class=\"qode-aig-image qode-item-space\">\n\t\t\t\t<div class=\"qode-aig-image-inner\">\n\t\t\t\t\t\t\t\t\t\t\t<img loading=\"lazy\" decoding=\"async\" width=\"800\" height=\"771\" src=\"https:\/\/logolisto.com\/wp-content\/uploads\/2018\/03\/gallery-7.jpg\" class=\"attachment-full size-full\" alt=\"m\" srcset=\"https:\/\/logolisto.com\/wp-content\/uploads\/2018\/03\/gallery-7.jpg 800w, https:\/\/logolisto.com\/wp-content\/uploads\/2018\/03\/gallery-7-300x289.jpg 300w, https:\/\/logolisto.com\/wp-content\/uploads\/2018\/03\/gallery-7-768x740.jpg 768w, https:\/\/logolisto.com\/wp-content\/uploads\/2018\/03\/gallery-7-700x675.jpg 700w\" sizes=\"auto, (max-width: 800px) 100vw, 800px\" \/>\t\t\t\t\t\t<span class=\"aig-gallery-hover\">\n\t\t\t\t\t\t\t\t\t\t\t\t\t<\/span>\n\t\t\t\t\t\t\t\t\t<\/div>\n\t\t\t<\/div>\n\t\t\t\t\t<div class=\"qode-aig-image qode-item-space\">\n\t\t\t\t<div class=\"qode-aig-image-inner\">\n\t\t\t\t\t\t\t\t\t\t\t<img loading=\"lazy\" decoding=\"async\" width=\"800\" height=\"771\" src=\"https:\/\/logolisto.com\/wp-content\/uploads\/2018\/03\/gallery-8.jpg\" class=\"attachment-full size-full\" alt=\"m\" srcset=\"https:\/\/logolisto.com\/wp-content\/uploads\/2018\/03\/gallery-8.jpg 800w, https:\/\/logolisto.com\/wp-content\/uploads\/2018\/03\/gallery-8-300x289.jpg 300w, https:\/\/logolisto.com\/wp-content\/uploads\/2018\/03\/gallery-8-768x740.jpg 768w, https:\/\/logolisto.com\/wp-content\/uploads\/2018\/03\/gallery-8-700x675.jpg 700w\" sizes=\"auto, (max-width: 800px) 100vw, 800px\" \/>\t\t\t\t\t\t<span class=\"aig-gallery-hover\">\n\t\t\t\t\t\t\t\t\t\t\t\t\t<\/span>\n\t\t\t\t\t\t\t\t\t<\/div>\n\t\t\t<\/div>\n\t\t\t<\/div>\n<\/div>[\/qode_elements_holder_item][\/qode_elements_holder][\/vc_column][\/vc_row][vc_row css_animation=\u00bb\u00bb row_type=\u00bbrow\u00bb use_row_as_full_screen_section=\u00bbno\u00bb type=\u00bbfull_width\u00bb angled_section=\u00bbno\u00bb text_align=\u00bbleft\u00bb background_image_as_pattern=\u00bbwithout_pattern\u00bb anchor=\u00bbrow-5&#8243; z_index=\u00bb\u00bb][vc_column offset=\u00bbvc_col-lg-6 vc_col-md-12&#8243;][qode_elements_holder number_of_columns=\u00bbone_column\u00bb][qode_elements_holder_item advanced_animations=\u00bbno\u00bb item_padding=\u00bb102px 7% 0 290px\u00bb item_padding_1280_1440=\u00bb102px 7% 0 195px\u00bb item_padding_1024_1280=\u00bb102px 7% 0 120px\u00bb][vc_column_text]<\/p>\n<h3>Testimonial<\/h3>\n<p>[\/vc_column_text][vc_separator type=\u00bbtransparent\u00bb up=\u00bb-17&#8243;][vc_column_text]<\/p>\n<h1>Passion, Dedication,<br \/>\nand a lot of coffee.<\/h1>\n<p>[\/vc_column_text][vc_empty_space height=\u00bb31px\u00bb][vc_column_text]<\/p>\n<h5><em>\u00abAnimal mnesarchum et sea, ad sale luptatum mea. An qui discere accusamus, ut novum possim mea. Has omittam delectus in, ex porro aeterno vim. Duo te summo clita saepe. Et mel ullum antiopam scriptorem. Ex forensibus quaerendum eos.\u00bb<\/em><\/h5>\n<p>[\/vc_column_text][vc_empty_space height=\u00bb31px\u00bb]<div class='q_icon_with_title large custom_icon_image '><div class=\"icon_holder \" style=\" \"><img decoding=\"async\" itemprop=\"image\" style=\"\" src=\"https:\/\/logolisto.com\/wp-content\/uploads\/2018\/03\/home-single-image-5.png\" alt=\"\"><\/div><div class=\"icon_text_holder\" style=\"\"><div class=\"icon_text_inner\" style=\"\"><h2 class=\"icon_title\" style=\"\">Roger Marshall<\/h2><p style='color: #ffba00'>Designer<\/p><\/div><\/div><\/div>[\/qode_elements_holder_item][\/qode_elements_holder][\/vc_column][vc_column offset=\u00bbvc_col-lg-6 vc_col-md-12&#8243;][qode_elements_holder number_of_columns=\u00bbone_column\u00bb][qode_elements_holder_item advanced_animations=\u00bbno\u00bb item_padding=\u00bb0 0 0 0&#8243;][vc_single_image image=\u00bb84&#8243; img_size=\u00bbfull\u00bb qode_css_animation=\u00bb\u00bb][\/qode_elements_holder_item][\/qode_elements_holder][\/vc_column][\/vc_row][vc_row css_animation=\u00bb\u00bb row_type=\u00bbrow\u00bb use_row_as_full_screen_section=\u00bbno\u00bb type=\u00bbfull_width\u00bb angled_section=\u00bbno\u00bb text_align=\u00bbleft\u00bb background_image_as_pattern=\u00bbwithout_pattern\u00bb][vc_column][qode_pricing_tables columns=\u00bbthree_columns\u00bb][qode_pricing_table type=\u00bbadvanced\u00bb title=\u00bbLOGOLISTO EMPRENDEDOR\u00bb title_tag=\u00bbh1&#8243; show_button=\u00bbyes\u00bb link=\u00bbhttp:\/\/logolisto.com\/index.php\/producto\/pack-logolisto\/\u00bb price=\u00bb249&#8243; currency=\u00bb$\u00bb button_text=\u00bbSELECCIONAR\u00bb subtitle=\u00bbTodo lo que necesitas para comenzar\u00bb]<\/p>\n<ul>\n<li>Tu logo listo en 7 dias<\/li>\n<li>Hasta 2 bocetos para elegir<\/li>\n<li>Dos correcciones del logo final<\/li>\n<li>Garantia de devoluci\u00f3n del dinero<\/li>\n<\/ul>\n<p>[\/qode_pricing_table][qode_pricing_table type=\u00bbadvanced\u00bb title=\u00bbLOGOLISTO EXPANSI\u00d3N\u00bb title_tag=\u00bbh1&#8243; show_button=\u00bbyes\u00bb link=\u00bbhttp:\/\/logolisto.com\/index.php\/producto\/pack-logolisto-2\/\u00bb price=\u00bb349&#8243; currency=\u00bb$\u00bb button_text=\u00bbSELECCIONAR\u00bb subtitle=\u00bbLo necesario para un negocio en crecimiento\u00bb]<\/p>\n<ul>\n<li>Tu logo listo en 4 dias<\/li>\n<li>Hasta 3 opciones para elegir<\/li>\n<li>3 correcciones del logo final<\/li>\n<li>Manual b\u00e1sico de marca<\/li>\n<li>Garant\u00eda de devoluci\u00f3n del dinero<\/li>\n<\/ul>\n<p>[\/qode_pricing_table][qode_pricing_table type=\u00bbadvanced\u00bb title=\u00bbLOGOLISTO EMPRESA\u00bb title_tag=\u00bbh1&#8243; show_button=\u00bbyes\u00bb link=\u00bbhttp:\/\/logolisto.com\/index.php\/producto\/pack-logolisto-3\/\u00bb subtitle=\u00bbLleva tu producto o servicio al siguiente nivel\u00bb price=\u00bb749&#8243; currency=\u00bb$\u00bb button_text=\u00bbSELECCIONAR\u00bb]<\/p>\n<ul>\n<li>Tu logo listo en 48 horas<\/li>\n<li>Hasta 4 opciones para elegir<\/li>\n<li>4 correcciones del logo final<\/li>\n<li>Manual de marca e identidad corporativa<\/li>\n<li>Soporte prioritario<\/li>\n<li>Garant\u00eda de devoluci\u00f3n del dinero<\/li>\n<\/ul>\n<p>[\/qode_pricing_table][\/qode_pricing_tables][\/vc_column][\/vc_row][vc_row css_animation=\u00bb\u00bb row_type=\u00bbrow\u00bb use_row_as_full_screen_section=\u00bbno\u00bb type=\u00bbgrid\u00bb angled_section=\u00bbno\u00bb text_align=\u00bbleft\u00bb background_image_as_pattern=\u00bbwithout_pattern\u00bb anchor=\u00bbrow-5&#8243; padding_top=\u00bb50&#8243; padding_bottom=\u00bb50&#8243; z_index=\u00bb\u00bb css=\u00bb.vc_custom_1520009127889{padding-top: 125px !important;}\u00bb][vc_column][qode_elements_holder background_color=\u00bb#ffffff\u00bb number_of_columns=\u00bbtwo_columns\u00bb custom_class=\u00bbeh-with-shadow\u00bb][qode_elements_holder_item advanced_animations=\u00bbno\u00bb item_padding=\u00bb0 8% 0 6%\u00bb][vc_empty_space height=\u00bb29px\u00bb][vc_column_text]<\/p>\n<h1>Escribenos!<\/h1>\n<p>[\/vc_column_text][vc_empty_space height=\u00bb12px\u00bb][vc_column_text]<\/p>\n<h5>Los dise\u00f1adores no comemos gente (a menos que nos falte una taza de caf\u00e9 en nuestro escritorio) as\u00ed que m\u00e1ndanos un mensaje, quiz\u00e1 pueda ser el inicio de una bonita amistad.<\/h5>\n<p>[\/vc_column_text][vc_empty_space height=\u00bb19px\u00bb][vc_empty_space height=\u00bb19px\u00bb]<div role=\"form\" class=\"wpcf7\" id=\"wpcf7-f135-o1\" lang=\"es-ES\" dir=\"ltr\">\n<div class=\"screen-reader-response\"><p role=\"status\" aria-live=\"polite\" aria-atomic=\"true\"><\/p> <ul><\/ul><\/div>\n<form action=\"\/index.php\/wp-json\/wp\/v2\/pages\/105#wpcf7-f135-o1\" method=\"post\" class=\"wpcf7-form init default\" novalidate=\"novalidate\" data-status=\"init\">\n<div style=\"display: none;\">\n<input type=\"hidden\" name=\"_wpcf7\" value=\"135\" \/>\n<input type=\"hidden\" name=\"_wpcf7_version\" value=\"5.6.2\" \/>\n<input type=\"hidden\" name=\"_wpcf7_locale\" value=\"es_ES\" \/>\n<input type=\"hidden\" name=\"_wpcf7_unit_tag\" value=\"wpcf7-f135-o1\" \/>\n<input type=\"hidden\" name=\"_wpcf7_container_post\" value=\"0\" \/>\n<input type=\"hidden\" name=\"_wpcf7_posted_data_hash\" value=\"\" \/>\n<\/div>\n<label> Tu nombre\n    <span class=\"wpcf7-form-control-wrap\" data-name=\"your-name\"><input type=\"text\" name=\"your-name\" value=\"\" size=\"40\" class=\"wpcf7-form-control wpcf7-text wpcf7-validates-as-required\" aria-required=\"true\" aria-invalid=\"false\" \/><\/span> <\/label>\n\n<label> Tu correo electr\u00f3nico\n    <span class=\"wpcf7-form-control-wrap\" data-name=\"your-email\"><input type=\"email\" name=\"your-email\" value=\"\" size=\"40\" class=\"wpcf7-form-control wpcf7-text wpcf7-email wpcf7-validates-as-required wpcf7-validates-as-email\" aria-required=\"true\" aria-invalid=\"false\" \/><\/span> <\/label>\n\n<label> Asunto\n    <span class=\"wpcf7-form-control-wrap\" data-name=\"your-subject\"><input type=\"text\" name=\"your-subject\" value=\"\" size=\"40\" class=\"wpcf7-form-control wpcf7-text wpcf7-validates-as-required\" aria-required=\"true\" aria-invalid=\"false\" \/><\/span> <\/label>\n\n<label> Tu mensaje (opcional)\n    <span class=\"wpcf7-form-control-wrap\" data-name=\"your-message\"><textarea name=\"your-message\" cols=\"40\" rows=\"10\" class=\"wpcf7-form-control wpcf7-textarea\" aria-invalid=\"false\"><\/textarea><\/span> <\/label>\n\n<input type=\"submit\" value=\"Enviar\" class=\"wpcf7-form-control has-spinner wpcf7-submit\" \/><p style=\"display: none !important;\" class=\"akismet-fields-container\" data-prefix=\"_wpcf7_ak_\"><label>&#916;<textarea name=\"_wpcf7_ak_hp_textarea\" cols=\"45\" rows=\"8\" maxlength=\"100\"><\/textarea><\/label><input type=\"hidden\" id=\"ak_js_1\" name=\"_wpcf7_ak_js\" value=\"1\"\/><script>document.getElementById( \"ak_js_1\" ).setAttribute( \"value\", ( new Date() ).getTime() );<\/script><\/p><div class=\"wpcf7-response-output\" aria-hidden=\"true\"><\/div><\/form><\/div>[\/qode_elements_holder_item][\/qode_elements_holder][\/vc_column][\/vc_row]<\/p>\n","protected":false},"excerpt":{"rendered":"<p>[vc_row css_animation=\u00bb\u00bb row_type=\u00bbrow\u00bb use_row_as_full_screen_section=\u00bbno\u00bb type=\u00bbfull_width\u00bb angled_section=\u00bbno\u00bb text_align=\u00bbleft\u00bb background_image_as_pattern=\u00bbwithout_pattern\u00bb][vc_column][rev_slider_vc alias=\u00bbhome\u00bb][\/vc_column][\/vc_row][vc_row css_animation=\u00bb\u00bb row_type=\u00bbrow\u00bb use_row_as_full_screen_section=\u00bbno\u00bb type=\u00bbgrid\u00bb angled_section=\u00bbno\u00bb text_align=\u00bbcenter\u00bb background_image_as_pattern=\u00bbwithout_pattern\u00bb anchor=\u00bbrow-1&#8243; padding_bottom=\u00bb118&#8243; z_index=\u00bb\u00bb][vc_column offset=\u00bbvc_col-md-4&#8243;][qode_elements_holder number_of_columns=\u00bbone_column\u00bb][qode_elements_holder_item vertical_alignment=\u00bbmiddle\u00bb horizontal_alignment=\u00bbcenter\u00bb advanced_animations=\u00bbno\u00bb background_color=\u00bb#ffffff\u00bb item_padding=\u00bb73px 30px 68px 30px\u00bb custom_class=\u00bbeh-with-shadow\u00bb][vc_single_image image=\u00bb37&#8243; img_size=\u00bbfull\u00bb alignment=\u00bbcenter\u00bb qode_css_animation=\u00bb\u00bb][vc_empty_space height=\u00bb17px\u00bb][vc_column_text] Escuchamos [\/vc_column_text][vc_separator type=\u00bbtransparent\u00bb up=\u00bb-18&#8243;][vc_column_text]Saber exactamente tus necesidades es la parte&#8230;<\/p>\n","protected":false},"author":1,"featured_media":0,"parent":0,"menu_order":0,"comment_status":"closed","ping_status":"closed","template":"full_width.php","meta":{"footnotes":""},"class_list":["post-105","page","type-page","status-publish","hentry"],"_links":{"self":[{"href":"https:\/\/logolisto.com\/index.php\/wp-json\/wp\/v2\/pages\/105","targetHints":{"allow":["GET"]}}],"collection":[{"href":"https:\/\/logolisto.com\/index.php\/wp-json\/wp\/v2\/pages"}],"about":[{"href":"https:\/\/logolisto.com\/index.php\/wp-json\/wp\/v2\/types\/page"}],"author":[{"embeddable":true,"href":"https:\/\/logolisto.com\/index.php\/wp-json\/wp\/v2\/users\/1"}],"replies":[{"embeddable":true,"href":"https:\/\/logolisto.com\/index.php\/wp-json\/wp\/v2\/comments?post=105"}],"version-history":[{"count":29,"href":"https:\/\/logolisto.com\/index.php\/wp-json\/wp\/v2\/pages\/105\/revisions"}],"predecessor-version":[{"id":161,"href":"https:\/\/logolisto.com\/index.php\/wp-json\/wp\/v2\/pages\/105\/revisions\/161"}],"wp:attachment":[{"href":"https:\/\/logolisto.com\/index.php\/wp-json\/wp\/v2\/media?parent=105"}],"curies":[{"name":"wp","href":"https:\/\/api.w.org\/{rel}","templated":true}]}}